. Suppose -5*k = y - 258, 4*k = -4*y + k + t. What is the hundreds digit of y?
2
Let c(f) be the first derivative of -f**4/4 + 4*f**3/3 - 2*f**2 + f - 12. Let j be c(2). What is the tens digit of 82 - (0 + (-2)/j)?
8
Let k = -81 - -126. Suppose 4*x + x = k. What is the tens digit of -1 - (3/x)/((-1)/39)?
1
Let f(l) = l**2 + 5*l - 11. Let t be f(2). Suppose -2109 + 729 = -t*n. What is the units digit of n?
0
Let i(o) = -o**2 + 12*o - 9. Let h be i(11). Suppose w + 1 = 2*w, h*c - 2*w = -2. Suppose c*p - 126 = -p + 3*z, 3*z = -4*p + 519. What is the tens digit of p?
2
Let g = -586 - -275. Let z = 7 - g. What is the hundreds digit of z?
3
Suppose 0*p + 16 = 4*p. Let t be 30/p - (-9)/(-18). What is the units digit of (8 - -12)*t/4?
5
Suppose -28*b - 322333 = -40*b - 94693. What is the ten thousands digit of b?
1
Suppose 5 = 4*i - 27. Suppose i*m - 1158 = 2*m. Suppose -w + 89 = -f, -2*w + m = -0*f + 3*f. What is the units digit of w?
2
Let p = -6860 + 13671. What is the thousands digit of p?
6
Let w = -71 + 71. Suppose 5*g + 2*q - 6 = w, -3*g + 4*q = 10 + 2. Suppose g*k - m - 7 = -k, 4*m = -5*k + 53. What is the units digit of k?
9
Let t(i) = -i**3 - 17*i**2 + 21*i - 21. Let d be t(-19). Suppose -5*b + 3*k = -1408 - d, b + 5*k - 314 = 0. What is the hundreds digit of b?
3
Let c = -1 + 5. Suppose 8*b + 397 = 3*r + 3*b, 3*b = r - 135. Suppose -r + 9 = -c*u. What is the tens digit of u?
3
What is the thousands digit of 18583 - -34 - ((-18)/(-3))/(-3)?
8
Let y(k) = k**3 + 19*k**2 - 53*k - 24. Let l be -16*7/(14/9). Let v = 51 + l. What is the units digit of y(v)?
7
Suppose -g - 91 = -8*g. Suppose g*o - 9*o = 800. What is the units digit of o?
0
Suppose -922 = -3*m + 254. Let o be 8/3*24/16. Suppose -5*k = -4*f - 487, 4*k - m = -o*f + 8*f. What is the units digit of k?
5
Let c = 526 - 519. Suppose 4*u + 2*g = -2*g - 84, 2*g = u + 21. What is the hundreds digit of u/49 - (-899)/c?
1
Suppose 51*w + 26224 = 62*w. Suppose 5*q + 4*g + w = 10*q, 2*g = 2*q - 954. What is the tens digit of q?
7
Let n be 24/28*252/72. Let q(d) = 0 + 20*d + 30*d - 3. What is the hundreds digit of q(n)?
1
Suppose 5*x - t = 1, x + 2 = -0*x - 2*t. Suppose 4*k - 401 - 907 = x. What is the hundreds digit of k?
3
Let s(r) = 281*r**3 + r. Let g be s(1). Let w(j) = 15*j - 70. Let c be w(-7). Let v = g + c. What is the hundreds digit of v?
1
Let t be 624/26*(1/(-2) + 0). Let g be (t/(-3))/(-2) + 409. Let z = g + -242. What is the tens digit of z?
6
Let y(k) = 27*k**2 - 189*k + 848. What is the hundreds digit of y(45)?
0
Let i = -82 - -670. Suppose 30 + i = 6*y. What is the hundreds digit of y?
1
Let n be -87 - (-3 + 3) - -4. Let g = 84 + n. What is the units digit of (6/g)/(448/74 + -6)?
1
Let l(s) = -s**3 - 10*s**2 - 11*s - 17. Let u be l(-9). Let h(v) = v. Let d(b) = -19*b + 4. Let y(o) = u*d(o) + 6*h(o). What is the tens digit of y(-5)?
6
Suppose 4*f - 5*b + 2622 = 7733, 2*b - 2 = 0. Let t = f + -777. What is the hundreds digit of t?
5
Suppose k + 101 = 4*d - 5*d, d + 101 = -3*k. What is the tens digit of d*4*11/(-44)?
0
What is the hundreds digit of (-95235)/(-28)*13/((-546)/(-112))?
0
Let v be (-4)/(((-9)/15)/(6/(-20))). What is the hundreds digit of v/15 + (-363425)/(-375)?
9
Let d be (-5 - -3) + 4 - 237. Let z = d - -427. What is the hundreds digit of z?
1
Let v be (-200)/(-30) + (-2)/(-6). Suppose 4*w = -v*w + 14234. What is the tens digit of w?
9
Suppose 25*x + 25*x = 188950. What is the tens digit of x?
7
Let k = 530 + -58. Suppose 3*d - m - k - 708 = 0, 0 = -3*m - 3. What is the units digit of d?
3
Let u = -1089 + 768. Let p = u + 494. What is the hundreds digit of p?
1
Suppose -a + 14669 = -3*i, -3*i = 5*a - 36671 - 36584. What is the tens digit of a?
5
Suppose -3240 = 2*m - 2*u, -5*m + 51*u = 54*u + 8100. What is the hundreds digit of (-5 + 3 - m) + 7?
6
Let i(q) = -q**2 - 19*q - 10. Suppose 2*n - 7*n = 85. What is the tens digit of i(n)?
2
Suppose -14*c + 13 + 15 = 0. Let j(u) = -u**2 + 5*u - 4. Let w be j(c). Suppose -2*f = -4*y + 352 + 302, 4*y - 642 = -w*f. What is the units digit of y?
2
Let o(h) = 1594*h**2 - 82*h + 178. What is the thousands digit of o(7)?
7
Let q(p) = p**3 + 4*p**2 + 2*p + 9. Let x be q(-4). Let m be -2*(-2 + (-172)/8)*x. Suppose -4*u + m = 5*k - 75, -5*k - 76 = -2*u. What is the tens digit of u?
3
Let f(r) = 593*r**2 - 14*r + 13*r + 84*r**2. What is the units digit of f(1)?
6
Let r = 19822 + -10722. What is the thousands digit of r?
9
Let u(q) = -24*q + 81. Let b be u(3). Suppose b*l = 758 + 1897. What is the units digit of l?
5
Let z(f) be the third derivative of 5*f**4/3 - f**3/2 - 17*f**2 - 3*f. What is the tens digit of z(1)?
3
Let b(w) = -w**3 - w**2 - w + 57. Let z be b(0). Let g = z - 29. Suppose 0 = -2*h + 2 + g. What is the tens digit of h?
1
Let x = 11460 + -4333. What is the tens digit of x?
2
Let h(m) = m - 20. Let p be h(19). Let t(x) = 20*x + 23. What is the units digit of t(p)?
3
Suppose 23*z + 46070 = -11*z. Let s = z + 2315. What is the units digit of s?
0
Let f(y) = -2*y**3 - 6*y**2 - 3*y - 5. Let x be f(-3). Suppose x*l = 16, -2*r + 4*l + 68 + 126 = 0. What is the units digit of r?
5
Let f = -6585 - -9817. What is the tens digit of f?
3
Let c = 70063 + -37637. What is the ten thousands digit of c?
3
Suppose -4*m + 2886 = 378. Let l = m + -426. What is the tens digit of l?
0
Suppose 84 = 9*n - 2*n. Suppose -n - 55 = u. Let l = 69 + u. What is the units digit of l?
2
Let g(v) = 18*v**2 - 167*v - 67. What is the tens digit of g(-20)?
7
Let y be 10*-2*(-12)/48. Suppose 5*n = v - 9, -6*v - y*n = -3*v + 13. What is the units digit of v - (2 - 2 - -1 - 24)?
2
What is the hundreds digit of 8218112/(-768)*(-6)/4?
0
Suppose -2*s + m = -17, -3*s - 3*m + 13 = -8. Let r(u) = -6*u**3 + s + 13*u**3 - 6*u**3 - 17*u**2 + u. What is the units digit of r(17)?
5
Suppose -1805*c + 140492 = -1794*c. What is the hundreds digit of c?
7
Let n = -173 + 370. Let g = n - -284. What is the hundreds digit of g?
4
Suppose 4*m - 282 = -6. Let w = 132 - -39. Suppose -2*t + w = -m. What is the hundreds digit of t?
1
Let t(s) = -183*s - 21. Let p be t(-11). Suppose 19*k - p = 13*k. What is the hundreds digit of k?
3
Let m be (-72)/39 - -2 - (-74)/26. Suppose m*s - 16 + 583 = 0. Let k = -130 - s. What is the tens digit of k?
5
Let c = -5420 + 9095. Suppose 5*m = c - 1120. What is the hundreds digit of m?
5
Let p = -74 + 215. Suppose -3*b + 3*w + 984 = p, 867 = 3*b + 5*w. What is the units digit of b?
4
Let f = 4102 - 1921. What is the thousands digit of f?
2
Suppose 5*z - 21*t - 38516 = -22*t, z - 5*t - 7724 = 0. What is the tens digit of z?
0
Let r be 268/(-8)*(-5 - -3). Let x = 110 - r. Let v = 89 - x. What is the tens digit of v?
4
Suppose -25 - 7 = 8*j. Let z be -216 + (-1)/(-1) + j. Let b = 407 + z. What is the tens digit of b?
8
Let a = 18 + -13. Suppose -d = -a*d + m + 14, 4*m = d - 11. Suppose -3*c - 3*z + 9 = -d, c = 3*z. What is the units digit of c?
3
Let d(i) = -10*i + 1456. What is the units digit of d(64)?
6
Let t(z) = 2*z**2 + 14*z - 110. Let r be t(5). Suppose 705 = r*b - 495. What is the tens digit of b?
2
Suppose 6*t + n + 52 = 0, 0 = 2*n - 1 - 3. What is the thousands digit of 0 - (t/(-15) + 58716/(-35))?
1
Suppose 0*f - 299 = -p - f, 5*p = -3*f + 1503. Let h = -9766 - -10205. Let t = h - p. What is the hundreds digit of t?
1
Let d(r) = r + 18. Let g be d(7). Suppose g = -3*l + 4. Let c = l + 38. What is the units digit of c?
1
Let f = 21505 + 6610. What is the units digit of f?
5
Let g = 117481 - 38519. What is the hundreds digit of g?
9
Let i = 28820 - 15554. What is the thousands digit of i?
3
Suppose -5*d + 46 = 36. Suppose 0 = 7*q - d*q - 20. What is the tens digit of (-30)/(-20) + 94/q?
2
Let v = -7877 + 18122. What is the thousands digit of v?
0
Let a be -4 + (616/2)/4. Let d = a + -27. Suppose -x = o - 5*o + d, -4*o - 2*x = -40. What is the units digit of o?
1
What is the hundreds digit of (-2452 + 2456)*((-15890)/(-4) - 0)?
8
Suppose -2*f - 60 = 2*s - 448, -s + 5*f + 212 = 0. What is the hundreds digit of s?
1
What is the tens digit of (0 + 332 - 1)/(((-52)/(-108))/13)?
3
Suppose 2*q + 0*p + p = 7, 2*p - 9 = -3*q. Suppose 736 = q*x + 151. Let f = x + -80. What is the tens digit of f?
3
Suppose 2384 = 9*o + 116. Let f = 726 - o. What is